rime factors of o?
7
Suppose -64 = -0*y - y. Let v be 7/(y/20 + -3). What are the prime factors of 12/7 - (-10)/v?
2
Suppose k = 5*k - 148. Let u be (-2 + k)*(-18)/(-45). Let t(r) = -2*r**2 + 29*r + 6. What are the prime factors of t(u)?
2, 5
Suppose 2*s = -3*j - 5, -2*s + 6*s + 11 = -5*j. Let z be (2494/(-87))/(4/(-6)). What are the prime factors of z + j + 0 + -2?
2, 3, 7
Let c(m) = -m**3 + 4*m**2 + m - 9. Let n be c(3). Suppose 0 = -5*t + n*t + 46. List the prime factors of t.
23
Let u = 7 - 2. Let b = u - 1. What are the prime factors of (5 - -38) + b/(-2)?
41
Let z(s) be the first derivative of -2*s + 16*s**2 + s + s + 4. List the prime factors of z(1).
2
Suppose -5*v + 40 = -2*d, 0*v + 2*v - 3*d = 16. Suppose -w = -0*w - v. Let m(x) = -x**2 + 10*x + 6. What are the prime factors of m(w)?
2, 11
What are the prime factors of ((8/16)/(2/(-52592)))/(-2)?
2, 19, 173
Suppose 1084 = 76*w - 72*w. What are the prime factors of w?
271
Let j = 0 - -2. Suppose 0 = -4*u + j*u - 12. Let b = u - -20. List the prime factors of b.
2, 7
Let x be (-47)/(-3)*(1 - 4). Let a = 101 + x. What are the prime factors of a?
2, 3
Let l = -343 + 788. List the prime factors of l.
5, 89
Suppose 0 = 2*j - 0*j + 2. Let y(i) = 24*i**2 + 2*i + 1. What are the prime factors of y(j)?
23
Suppose 10*k - 12*k + 3078 = 0. List the prime factors of k.
3, 19
Suppose 0 = -5*n - 4*m + 2433, 4 = 4*m - 4. What are the prime factors of n?
5, 97
Let m(g) = -g + 20. Let f(y) = 4*y - 60. Let j(b) = 2*f(b) + 7*m(b). Let l be j(0). Let k = l - 11. List the prime factors of k.
3
Let x(j) = -10*j + 57. Let v be x(11). Let i(u) = -6*u + 9. Let d be i(7). Let w = d - v. List the prime factors of w.
2, 5
Suppose 2 = 2*w - 6. Suppose 2*q + w*g = 106 + 6, -269 = -5*q + g. Let f = q + -2. List the prime factors of f.
2, 13
Suppose -4*d + 12 = 0, 66 = -q - d + 253. List the prime factors of q.
2, 23
Let x = 743 - 635. List the prime factors of x.
2, 3
Suppose 3*k + 0*k + 2173 = 2*i, -2*i = -4*k - 2178. What are the prime factors of i?
13, 83
Let c(z) = -5*z + 21. Let i be c(5). Let a = i + -13. Let r = 55 + a. What are the prime factors of r?
2, 19
Suppose -9*h + 78 = -6*h. Let i = -50 + h. Let w = i + 48. What are the prime factors of w?
2, 3
Let f be ((-2)/4)/(1/2). Let x(n) = 7*n**2 + 2*n + 1. Let z be x(f). Suppose z*l = 5*l + 13. List the prime factors of l.
13
List the prime factors of (-10228)/(-18) - ((-312)/54 - -6).
2, 71
Suppose 4*z - 3*v - 1 = 22, z + v = -3. Let u = -1623 - -1153. List the prime factors of u/(-90) - z/9.
5
Suppose 17 = 5*y + 2. Suppose -31 = -u + 5*k, -y*u + 7*u + k = 229. List the prime factors of u.
2, 7
Let y(i) be the first derivative of -21*i**2 + 3*i - 23. List the prime factors of y(-3).
3, 43
Let j be 4 + 3 + -4 + -1. Suppose -85 = -j*p + 5. What are the prime factors of p?
3, 5
Suppose -l = -594 + 121. What are the prime factors of l?
11, 43
Let o be (3 + -1)/((2/23)/1). Suppose -4*y = k - 1, -y + o = k + k. What are the prime factors of k?
13
Let y(h) = -4*h + 1. Let x be y(-2). Suppose -x*l = -11*l. Suppose -2*d = 5*u - 22, -2*d + 2*u + 3*u + 42 = l. List the prime factors of d.
2
Let k = -4 + 5. Let t be 16*(k - -1)/8. Suppose -3*v = 6, t*x - 8*v = -6*v + 68. List the prime factors of x.
2
Suppose 14*o - 22*o = -760. What are the prime factors of o?
5, 19
Let p(t) = 44*t - 183. List the prime factors of p(11).
7, 43
Let r = -160 - -470. What are the prime factors of r?
2, 5, 31
Let r(t) = -t**2 + 6*t - 5. Let q be r(4). Suppose q*i + 96 = 7*i. Let c = i + 2. What are the prime factors of c?
2, 13
Let k = 78 + -73. Suppose 0 = k*x - o - 1167, -o - 934 = -3*x - x. What are the prime factors of x?
233
Suppose 0 = 5*s + 2*l + 2*l - 2654, 5*s + l - 2651 = 0. What are the prime factors of s?
2, 5, 53
Suppose u - 2*b + 4 - 14 = 0, u = 5*b + 19. Suppose -5*h + u*h = -18. List the prime factors of h.
2, 3
Let n(a) = -2*a**3 - 6*a**2 - 4*a - 3. Suppose -8 = 2*x - 2*u, -8 = 2*x - 0*x - 3*u. Let w = -8 - x. What are the prime factors of n(w)?
3, 5
Let v be 2/7 - 104/(-28). Let d(b) = b**2 - 3*b + 2. Let p be d(v). List the prime factors of 1 - p/(-9)*6.
5
Suppose -g - r - 4*r = -7, 4*g = -5*r + 13. Let t be 58*1/(-1) + g. Let v = t - -82. What are the prime factors of v?
2, 13
Let p = 5 - -13. Let g = -36 + p. Let i = 10 - g. List the prime factors of i.
2, 7
List the prime factors of 2*(238128/480 + 6/(-10)).
991
Suppose 4*k + 3*g = 17421, 16*k + 8715 = 18*k + 3*g. List the prime factors of k.
3, 1451
Let b be (-11 - -3)*(-3 - -1). Let g = b - 14. Suppose -g*k - k = -9. List the prime factors of k.
3
Let y(t) = -t**3 - 5*t**2 - 4*t - 4. Let w be y(-6). Let z be 10/3*(-690)/(-25). Let d = z - w. List the prime factors of d.
2, 3
What are the prime factors of (11 + -9)/(7670/1915 + -4)?
383
Let f = 376 - 15. List the prime factors of f.
19
Suppose 0 = c + c + 3*u - 803, 5*u = -4*c + 1611. What are the prime factors of c?
409
Suppose 2*z - 2024 = 84. List the prime factors of z.
2, 17, 31
Let t(u) = -3*u**2 + 6 + 3 - 9*u + 4*u**2 + 2*u. Let g be t(6). Suppose g*i + i = 268. What are the prime factors of i?
67
Suppose 4*g + 3*y - 311 = 0, -2*g - 5*y + 129 + 30 = 0. Let p = g - -110. Suppose -5*l + p = -58. List the prime factors of l.
7
Let y(j) = 10 + 37 + j**2 - j - 35. Let q = -17 + 9. What are the prime factors of y(q)?
2, 3, 7
Let y(g) = -31*g**3 - 2*g**2 - 3*g - 2. Let w be y(-1). Let l(s) = s**2 - 6*s + 5. Let z be l(6). Suppose -z = 5*r - w. List the prime factors of r.
5
Let q(h) = -337 - 27*h + 334 + h - 3*h. Let i(d) = d**2 - 6*d + 6. Let z be i(4). What are the prime factors of q(z)?
5, 11
Let f(y) = 2*y - 2. Let u be f(9). Let q be 8/6*192/u. Let i = q + -8. List the prime factors of i.
2
Suppose 1 = -3*q - 89. Let b = 47 - q. What are the prime factors of b?
7, 11
What are the prime factors of 1 + 0 - 1784/(-4)?
3, 149
Let z = 26 - 20. Suppose 9*x + z = 12*x. Suppose -x*d + 6 = 2. What are the prime factors of d?
2
Suppose 7110 = -4*g - 11462. Let u = 1640 + g. What are the prime factors of 4/10 + u/(-55)?
5, 11
Suppose 2*f - c - 2*c - 496 = 0, -3*f - 2*c + 731 = 0. List the prime factors of f.
5, 7
Suppose 6*w - 4030 = w + 5*d, 5*w - 4042 = -d. List the prime factors of w.
2, 101
Let w = -9 - -14. Suppose 4*k - w = 5*k, -q + 24 = -5*k. List the prime factors of -1 - (-2 - q)*23.
2, 11
Suppose -5*g = 497 - 2022. List the prime factors of g.
5, 61
Suppose -7240 = 271*q - 279*q. What are the prime factors of q?
5, 181
Let v = 13 - 8. Suppose 125 = 124*o - 119*o. What are the prime factors of v/(o/15) - 1?
2
Let o = 100 - 447. Let z = -248 - o. List the prime factors of z.
3, 11
Let b be (-24)/(3*(-3)/(-9)). Let n(a) = 9*a + 1. Let i be n(-1). What are the prime factors of ((-12)/i + -2)*b?
2, 3
Let r(x) be the second derivative of x**5/20 + x**3/6 + 15*x**2/2 - 7*x. List the prime factors of r(0).
3, 5
Let o(h) = -4*h + 35. Let n be o(6). Suppose l - n - 105 = 0. List the prime factors of l.
2, 29
Suppose 0 = 34*d - 9*d + 1125. Let r(q) = -22*q**3 - 3*q**2 - q. Let k be r(-3). List the prime factors of (6/(-4))/(d/k).
19
Let x = -2 - -49. Suppose -x = -5*q - 4*o + 3, -4*q = 2*o - 34. Suppose -j = -q + 3. List the prime factors of j.
3
Let j(g) = -4*g + 7*g**2 - 8*g**2 + 3*g**2 + 6. Suppose 0 = 3*l - 13 + 1. List the prime factors of j(l).
2, 11
Let i(r) = 3*r**2 + 7*r - 1. Let m be i(-4). Suppose 4*a + 61 - m = b, -a = 0. What are the prime factors of b?
2, 3, 7
Let g(z) = -z**3 + 14*z**2 + 6*z + 24. Let x be g(14). Let p = x - 67. What are the prime factors of p?
41
Suppose 0*a + 3*a = 6. Let m(o) = 2*o**3 + 2*o**2 - 3*o + 2. Let l be m(a). Suppose -7*z + 2*z + l = 0, -3*z + 156 = 4*r. List the prime factors of r.
2, 3
Let z = 12 + -6. Suppose s + 5 = 0, 2*k + 51 = z*k + s. What are the prime factors of k?
2, 7
Let a = -17 - -27. List the prime factors of (-9 + a)/(1/45).
3, 5
Let t(o) = -5 + 1 + 0 + 3*o. Suppose 2*c - 15 = -3*c. List the prime factors of t(c).
5
Let u(j) = -2*j**2 + 3*j + 1. Let o be u(7). Let b = o - -97. List the prime factors of b.
3, 7
Let i = 3336 - 1984. What are the prime factors of i?
2, 13
Let i be (-1)/1 + 0 + 6. Suppose 5*x = 15 + 10. Suppose o + 2*m - 70 = -o, -i = -o + x*m. List the prime factors of o.
2, 3, 5
Suppose -f = -